r**2 - 2*r - 5. Determine j(6).
19
Let n(j) = -j**3 - 12*j**2 + 36*j - 6. Determine n(-15).
129
Let c(h) = -h**3 - 6*h**2 + 14*h + 24. What is c(-8)?
40
Let g(n) = -2*n**2 + 4*n + 5. Calculate g(3).
-1
Let q(r) = 2*r**2 - 13*r + 4. Give q(6).
-2
Let f(t) = -3*t**3 + 2*t**2 + t - 8. Give f(-3).
88
Let j(b) = -2*b + 1. Calculate j(-8).
17
Let g(i) = -13*i + 2. Calculate g(1).
-11
Let h(y) = 2*y + 3. Calculate h(3).
9
Let s(l) = -l**3 - 11*l**2 - 11*l - 18. Determine s(-10).
-8
Let l(b) = b - 18. Determine l(14).
-4
Let n(x) = -x**2 - 6*x - 17. Give n(-3).
-8
Let o(t) = 132*t**3 + 3*t**2 - 4*t + 2. Give o(1).
133
Let r(t) = 6*t + 46. Calculate r(-8).
-2
Let n(s) = s**3 + 15*s**2 + 13*s - 8. Give n(-14).
6
Let g(l) = l**3 + 3*l**2 - 8*l - 21. Determine g(-4).
-5
Let t(p) = -2*p**2 + 5*p + 3. What is t(7)?
-60
Let o(q) = 2*q - 4. Calculate o(9).
14
Let a(t) = t**2 + 5*t - 10. Calculate a(-6).
-4
Let q(d) = -2*d**2 + 29*d + 55. Determine q(17).
-30
Let u(f) = f**3 - 6*f**2 + 2*f + 6. Give u(5).
-9
Let s(n) = 2*n**2 + 8*n - 4. Calculate s(1).
6
Let s(d) = 131*d + 134. Calculate s(-1).
3
Let p(b) = b**3 + 2*b**2 + 2*b - 3. Give p(2).
17
Let b(f) = 11*f + 15. Calculate b(2).
37
Let u(y) = y**3 - 6*y**2 - 30*y + 27. Give u(9).
0
Let l(k) = 3*k**2 - 2. Determine l(4).
46
Let b(a) = -a**2 + a. Determine b(3).
-6
Let q(c) = -148*c - 299. Give q(-2).
-3
Let t(a) = -a**2 + 18*a + 143. Give t(-6).
-1
Let r(h) = -4*h - 180. Give r(-43).
-8
Let m(c) = -c**3 - 8*c**2 + 32*c + 2. Calculate m(-11).
13
Let h(r) = r**3 - 13*r**2 + 12*r + 2. Determine h(12).
2
Let r(u) = -u**3 + 3*u**2 + 3*u - 7. What is r(4)?
-11
Let l(r) = -r + 5. What is l(0)?
5
Let h(o) = 2*o**2 + 7*o - 17. What is h(-7)?
32
Let q(z) = -19*z - 185. What is q(-10)?
5
Let o(v) = -3*v + 13. Determine o(0).
13
Let y(j) = -j**3 + 13*j**2 + 15*j - 3. What is y(14)?
11
Let v(w) = w**3 - 13*w**2 + 17. Calculate v(13).
17
Let r(g) = -4*g**2 + 9*g - 4. Determine r(3).
-13
Let u(k) = 21*k - 149. Determine u(7).
-2
Let t(f) = 4*f**3 + 2*f**2 + 2*f - 2. What is t(-2)?
-30
Let g(c) = 2*c + 2. Calculate g(1).
4
Let k(f) = 148*f - 592. Give k(4).
0
Let v(n) = -n**3 - 9*n**2 + 10*n - 2. Give v(-10).
-2
Let h(t) = -13*t**3 + t**2 + t - 2. Give h(1).
-13
Let d(z) = -z**3 - 6*z**2 - 4*z + 7. What is d(-5)?
2
Let t(l) = 7*l - 30. Give t(15).
75
Let t(p) = p**3 + 21*p**2 - 22*p - 2. What is t(-22)?
-2
Let y(b) = 5*b**3 + 13*b**2 + 5*b - 6. What is y(-2)?
-4
Let h(g) = -2*g**3 - 13*g**2 + 5*g - 10. Calculate h(-7).
4
Let f(k) = 3*k - 16. Give f(-8).
-40
Let k(y) = -3*y**2 - 15*y - 18. Determine k(-3).
0
Let a(l) = -61*l**2. Give a(-1).
-61
Let b(f) = -f**2 - 6*f + 6. Determine b(-5).
11
Let o(t) = -3*t**2 + 2*t. Calculate o(2).
-8
Let d(l) = -l**3 - 7*l**2 + 13*l + 91. Give d(-7).
0
Let o(p) = -27*p - 135. Give o(-5).
0
Let z(h) = h**3 + 5*h**2 + 2. Determine z(-4).
18
Let k(d) = 2*d**2 - 2*d - 24. Determine k(5).
16
Let z(f) = f**3 + 16*f**2 - 19*f - 306. Give z(-16).
-2
Let y(q) = q**3 - q**2 - q - 11. What is y(0)?
-11
Let s(k) = -k + 22. What is s(24)?
-2
Let z(j) = -j**2 - 11*j - 20. Determine z(-8).
4
Let f(c) = 6*c - 49. What is f(8)?
-1
Let b(p) = -p - 1. What is b(8)?
-9
Let q(m) = -26*m**3 + 157*m**2 - 3*m - 14. Determine q(6).
4
Let h(k) = -k**2 + 13*k + 15. Calculate h(8).
55
Let o(l) = -2*l**3 + 15*l**2 - 8*l + 3. What is o(7)?
-4
Let z(t) = -t + 10. Determine z(3).
7
Let s(r) = -13*r + 119. Determine s(8).
15
Let i(q) = q**2 + 13*q - 64. What is i(-16)?
-16
Let i(q) = q**2 + 6*q + 9. Calculate i(-5).
4
Let c(l) = l**2 - 3*l - 6. Give c(-2).
4
Let o(t) = -t**3 + 4*t**2 - 3*t + 3. What is o(3)?
3
Let v(q) = 7*q + 19. Give v(-12).
-65
Let r(d) = -3*d**2 + 6*d + 5. Calculate r(-4).
-67
Let u(m) = 7*m - 6. Determine u(4).
22
Let z(y) = -y**3 + y**2 - y + 25. Calculate z(0).
25
Let b(o) = 5*o + 121. Calculate b(-26).
-9
Let u(l) = -l**3 - 9*l**2 - 7*l + 1. Give u(-8).
-7
Let z(a) = -a + 10. Calculate z(-5).
15
Let m(t) = -2*t**3 - 16*t**2 + 5*t + 36. Calculate m(-8).
-4
Let k(j) = 8*j + 159. Calculate k(-20).
-1
Let o(d) = -18*d - 152. What is o(-9)?
10
Let p(t) = -10*t - 516. Determine p(-51).
-6
Let m(t) = 3*t**2 + 12*t + 14. Determine m(-7).
77
Let u(c) = 10*c**3 - c**2 + c + 2. Calculate u(-1).
-10
Let h(g) = g**3 - 15*g**2 - 14*g + 23. Give h(16).
55
Let g(o) = 4*o**2 + o. Give g(-1).
3
Let h(a) = 9*a + 4. Give h(7).
67
Let l(x) = -x**3 - 11*x**2 - 10*x + 18. Calculate l(-10).
18
Let i(j) = -18*j + 118. What is i(7)?
-8
Let n(l) = 4*l - 5. Give n(-2).
-13
Let l(w) = -w**3 + 16*w**2 + 16*w + 36. Give l(17).
19
Let p(c) = -6*c - 90. Calculate p(-7).
-48
Let n(q) = -3*q**3 + 3*q**2 + 3*q + 2. Give n(3).
-43
Let y(k) = k**2 - 30*k + 23. What is y(29)?
-6
Let a(b) = -5*b - 198. Determine a(-40).
2
Let z(d) = d + 19. Calculate z(12).
31
Let a(i) = i**2 + 2*i + 4. Determine a(-3).
7
Let z(a) = a**3 + 10*a**2 + 16*a + 8. Give z(-9).
-55
Let d(k) = -k**3 - 3*k**2 + 3*k. Calculate d(1).
-1
Let b(f) = -2*f**2 - 54*f - 4. Calculate b(-27).
-4
Let v(m) = -4*m + 7. Calculate v(-11).
51
Let o(j) = -8*j + 35. What is o(7)?
-21
Let g(z) = z**3 + 8*z**2 - 2*z - 26. What is g(-8)?
-10
Let i(n) = -n**3 + 8*n**2 + 11*n + 12. Give i(9).
30
Let g(b) = b**2 + 5*b - 13. What is g(-6)?
-7
Let v(i) = i**2 + 11*i - 8. Give v(-10).
-18
Let u(i) = -i**3 + 8*i**2 + 8*i - 2. Give u(9).
-11
Let x(o) = -42*o - 29. Calculate x(-3).
97
Let m(f) = -2*f**3 - 32*f**2 + 36*f + 12. Calculate m(-17).
-22
Let i(s) = -s**2 + 12*s + 5. What is i(9)?
32
Let l(m) = -20*m - 1. Give l(1).
-21
Let r(o) = 3*o - 51. Give r(17).
0
Let q(g) = g + 62. Give q(0).
62
Let c(z) = -24*z + 293. What is c(12)?
5
Let i(g) = -g**3 + 19*g**2 - 20*g + 22. Calculate i(18).
-14
Let z(k) = 80*k - 85. Give z(1).
-5
Let n(x) = -2*x**2 - 21*x - 61. Give n(-11).
-72
Let w(v) = 6*v - 8. Calculate w(5).
22
Let o(a) = -a**3 + 7*a**2 - 4*a + 4. What is o(2)?
16
Let f(x) = -2*x**2 - 30*x - 7. Determine f(-14).
21
Let o(l) = -l**2 - 15*l - 19. What is o(-13)?
7
Let y(g) = -5*g**3 + 2*g**2 - 3*g - 3. What is y(-2)?
51
Let w(c) = -c**2 - 13*c - 11. Give w(-7).
31
Let g(m) = m**3 + 2*m**2 + 6*m + 12. What is g(-3)?
-15
Let n(g) = g**2 + 19*g + 28. What is n(-17)?
-6
Let u(w) = w**3 + 7*w**2 + 7*w - 2. Determine u(-6).
-8
Let u(t) = -t**3 + 19*t**2 - 45*t - 37. What is u(16)?
11
Let l(y) = -y**2 - 35*y + 288. Give l(-42).
-6
Let s(k) = 6*k + 141. Determine s(-23).
3
Let j(s) = 2*s - 47. What is j(17)?
-13
Let o(m) = -m**2 + 6. Give o(-5).
-19
Let d(o) = -o**3 + 10*o**2 + 11*o + 11. Calculate d(11).
11
Let b(a) = a**3 - 20*a**2 + 7. Determine b(20).
7
Let r(g) = 162*g - 654. Calculate r(4).
-6
Let o(b) = 5*b - 211. Determine o(40).
-11
Let q(j) = -13*j + 13. Determine q(7).
-78
Let s(k) = -3*k + 10. Determine s(4).
-2
Let r(w) = -13*w - 1. Give r(-4).
51
Let v(b) = b**2 - 13*b + 11. What is v(12)?
-1
Let q(a) = a**2 - 3*a - 9. Give q(6).
9
Let h(z) = -3*z - 55. Determine h(-16).
-7
Let r(i) = i**2 - 10*i - 1. Give r(10).
-1
Let m(n) = -n**2 - 3*n - 7. What is m(-3)?
-7
Let o(b) = 4*b + 6. Calculate o(-3).
-6
Let o(m) = m**2 - 3*m + 5. What is o(0)?
5
Let j(r) = -r - 10. Determine j(-7).
-3
Let n(l) = 6*l + 2. Calculate n(-5).
-28
Let t(d) = -d**3 - 9*d**2 + 2*d + 22. Give t(-9).
4
Let w(p) = p + 7. Determine w(-11).
-4
Let d(n) = -n**2 + 8*n - 3. Give d(6).
9
Let j(i) = 2*i + 16. What is j(9)?
34
Let b(j) = -j**2 + 3*j + 9. Determine b(4).
5
Let r(h) = 2*h + 51. Give r(0).
51
Let g(i) = -i - 10. Determine g(7).
-17
Let w(j) = -j**3 - 15*j**2 - 23*j + 32. Give w(-13).
-7
Let p(o) = o**2 - 35*o + 179. Determine p(6).
5
Let a(b) = 4*b - 10. What is a(2)?
-2
Let i(c) = 3*c**3 - 3*c**2 - 7*c + 8. Determine i(2).
6
Let c(h) = -13*h**2 + h - 1. Give c(-2).
-55
Let s(d) = d**3 + 8*d**2 + 4*d - 6. Determine s(-6).
42
Let w(a) = -a**3 + a - 1. Calculate w(-2).
5
Let q(i) = -4*i + 7. Calculate q(-6).
31
Let r(g) = 8*g - 1. What is r(4)?
31
Let b(v) = v**3 + 25*v**2 - 25*v + 24. Calculate b(-26).
-2
Let l(k) = -2*k**2 + 19*k - 31. Calculate l(7).
4
Let f(l) = 12*l + 7. What is f(-3)?
-29
Let n(v) = v - 1. Determine n(-15).
-16
Let f(p) = p**3 + 10*p**2 - 15*p - 46. Determine f(-11).
-2
Let d(z) = 5*z**2 - 3*z - 4. Calculate d(-2).
22
Let h(a) = 2*a**2 - a + 1. What is h(3)?
16
Let i(p) = p**2 + 